ime factors of 3093.
3, 1031
What are the prime factors of 8395?
5, 23, 73
List the prime factors of 1529.
11, 139
List the prime factors of 49550.
2, 5, 991
What are the prime factors of 885?
3, 5, 59
List the prime factors of 872.
2, 109
List the prime factors of 14971.
11, 1361
List the prime factors of 55008.
2, 3, 191
What are the prime factors of 18860?
2, 5, 23, 41
What are the prime factors of 54691?
7, 13, 601
What are the prime factors of 13?
13
What are the prime factors of 626?
2, 313
What are the prime factors of 13262?
2, 19, 349
What are the prime factors of 847?
7, 11
What are the prime factors of 1013?
1013
List the prime factors of 383.
383
What are the prime factors of 4975?
5, 199
List the prime factors of 1165.
5, 233
List the prime factors of 1124.
2, 281
What are the prime factors of 622?
2, 311
What are the prime factors of 10338?
2, 3, 1723
What are the prime factors of 1447?
1447
What are the prime factors of 2173?
41, 53
List the prime factors of 25141.
31, 811
List the prime factors of 21430.
2, 5, 2143
List the prime factors of 2940.
2, 3, 5, 7
What are the prime factors of 881?
881
What are the prime factors of 304?
2, 19
What are the prime factors of 17291?
17291
What are the prime factors of 65571?
3, 11, 1987
List the prime factors of 4806.
2, 3, 89
List the prime factors of 432.
2, 3
What are the prime factors of 704?
2, 11
What are the prime factors of 4661?
59, 79
What are the prime factors of 55914?
2, 3, 9319
What are the prime factors of 589?
19, 31
What are the prime factors of 4888?
2, 13, 47
What are the prime factors of 51001?
51001
List the prime factors of 23737.
7, 3391
What are the prime factors of 53056?
2, 829
What are the prime factors of 6040?
2, 5, 151
What are the prime factors of 9756?
2, 3, 271
List the prime factors of 33683.
13, 2591
List the prime factors of 606.
2, 3, 101
List the prime factors of 33352.
2, 11, 379
List the prime factors of 67225.
5, 2689
What are the prime factors of 617?
617
What are the prime factors of 14550?
2, 3, 5, 97
What are the prime factors of 46829?
46829
List the prime factors of 26844.
2, 3, 2237
What are the prime factors of 505?
5, 101
What are the prime factors of 31093?
17, 31, 59
List the prime factors of 98748.
2, 3, 13, 211
List the prime factors of 844.
2, 211
List the prime factors of 25.
5
What are the prime factors of 2554?
2, 1277
What are the prime factors of 179?
179
What are the prime factors of 769?
769
List the prime factors of 631.
631
List the prime factors of 5940.
2, 3, 5, 11
List the prime factors of 1094.
2, 547
List the prime factors of 67809.
3, 7, 3229
List the prime factors of 48488.
2, 11, 19, 29
List the prime factors of 3069.
3, 11, 31
List the prime factors of 13707.
3, 1523
List the prime factors of 1547.
7, 13, 17
List the prime factors of 13889.
17, 19, 43
What are the prime factors of 2465?
5, 17, 29
What are the prime factors of 42774?
2, 3, 7129
List the prime factors of 95907.
3, 7, 4567
List the prime factors of 1252.
2, 313
List the prime factors of 2593.
2593
What are the prime factors of 20285?
5, 4057
What are the prime factors of 842?
2, 421
What are the prime factors of 5536?
2, 173
What are the prime factors of 1804?
2, 11, 41
List the prime factors of 14425.
5, 577
What are the prime factors of 384?
2, 3
List the prime factors of 125892.
2, 3, 13, 269
List the prime factors of 34538.
2, 7, 2467
List the prime factors of 100747.
100747
What are the prime factors of 8675?
5, 347
List the prime factors of 26931.
3, 47, 191
What are the prime factors of 54189?
3, 223
List the prime factors of 50038.
2, 127, 197
List the prime factors of 936.
2, 3, 13
List the prime factors of 2674.
2, 7, 191
What are the prime factors of 1158?
2, 3, 193
List the prime factors of 3795.
3, 5, 11, 23
List the prime factors of 61657.
61657
What are the prime factors of 18591?
3, 6197
List the prime factors of 161035.
5, 7, 43, 107
List the prime factors of 63565.
5, 12713
What are the prime factors of 4258?
2, 2129
List the prime factors of 109552.
2, 41, 167
What are the prime factors of 420?
2, 3, 5, 7
What are the prime factors of 19520?
2, 5, 61
List the prime factors of 2547.
3, 283
List the prime factors of 18538.
2, 13, 23, 31
What are the prime factors of 24744?
2, 3, 1031
What are the prime factors of 7731?
3, 859
List the prime factors of 684.
2, 3, 19
List the prime factors of 6022.
2, 3011
What are the prime factors of 2133?
3, 79
What are the prime factors of 105513?
3, 35171
List the prime factors of 9381.
3, 53, 59
What are the prime factors of 2468?
2, 617
List the prime factors of 5977.
43, 139
List the prime factors of 711.
3, 79
What are the prime factors of 74541?
3, 24847
List the prime factors of 1419.
3, 11, 43
List the prime factors of 2252.
2, 563
What are the prime factors of 10191?
3, 43, 79
List the prime factors of 620.
2, 5, 31
List the prime factors of 1531.
1531
List the prime factors of 17964.
2, 3, 499
What are the prime factors of 1449?
3, 7, 23
List the prime factors of 642.
2, 3, 107
What are the prime factors of 534?
2, 3, 89
What are the prime factors of 1585?
5, 317
List the prime factors of 75066.
2, 3, 12511
What are the prime factors of 995?
5, 199
List the prime factors of 33140.
2, 5, 1657
What are the prime factors of 4019?
4019
List the prime factors of 14771.
14771
What are the prime factors of 32335?
5, 29, 223
What are the prime factors of 33430?
2, 5, 3343
List the prime factors of 2599.
23, 113
What are the prime factors of 3977?
41, 97
List the prime factors of 1769.
29, 61
List the prime factors of 13127.
13127
What are the prime factors of 83174?
2, 7, 13, 457
What are the prime factors of 698?
2, 349
What are the prime factors of 8935?
5, 1787
What are the prime factors of 59941?
7, 8563
What are the prime factors of 914?
2, 457
What are the prime factors of 25484?
2, 23, 277
What are the prime factors of 95036?
2, 23, 1033
What are the prime factors of 4795?
5, 7, 137
List the prime factors of 596.
2, 149
What are the prime factors of 7740?
2, 3, 5, 43
List the prime factors of 40425.
3, 5, 7, 11
What are the prime factors of 292?
2, 73
What are the prime factors of 24221?
53, 457
List the prime factors of 16077.
3, 23, 233
What are the prime factors of 15480?
2, 3, 5, 43
List the prime factors of 103434.
2, 3, 17239
What are the prime factors of 30204?
2, 3, 839
List the prime factors of 6721.
11, 13, 47
List the prime factors of 7294.
2, 7, 521
What are the prime factors of 47737?
47737
What are the prime factors of 936?
2, 3, 13
What are the prime factors of 816?
2, 3, 17
List the prime factors of 1489.
1489
What are the prime factors of 16406?
2, 13, 631
What are the prime factors of 35998?
2, 41, 439
What are the prime factors of 20929?
20929
List the prime factors of 67165.
5, 7, 19, 101
List the prime factors of 276.
2, 3, 23
List the prime factors of 7414.
2, 11, 337
What are the prime factors of 5594?
2, 2797
What are the prime factors of 396?
2, 3, 11
What are the prime factors of 2148?
2, 3, 179
List the prime factors of 542.
2, 271
List the prime factors of 5757.
3, 19, 101
What are the prime factors of 76?
2, 19
List the prime factors of 1322.
2, 661
What are the prime factors of 5246?
2, 43, 61
List the prime factors of 27469.
13, 2113
What are the prime factors of 5022?
2, 3, 31
What are the prime factors of 2024?
2, 11, 23
What are the prime factors of 18363?
3, 6121
What are the prime factors of 4861?
4861
What are the prime factors of 1902?
2, 3, 317
List the prime factors of 755.
5, 151
List the prime factors of 11744.
2, 367
List the prime factors of 1789.
1789
List the prime factors of 8925.
3, 5, 7, 17
List the prime factors of 140.
2, 5, 7
List the prime factors of 2395.
5, 479
What are the prime factors of 51939?
3, 29, 199
List the prime factors of 9157.
9157
What are the prime factors of 1521?
3, 13
What are the prime factors of 2927?
2927
What are the prime factors of 118943?
11, 983
List the prime factors of 245.
5, 7
List the prime factors of 23354.
2, 11677
What are the prime factors of 152355?
3, 5, 7, 1451
List the prime factors of 1671.
3, 557
What are the prime factors of 1030?
2, 5, 103
What are the prime factors of 3692?
2, 13, 71
What a